{"id":88,"date":"2024-10-31T09:44:53","date_gmt":"2024-10-31T09:44:53","guid":{"rendered":"https:\/\/saioamota.es\/?page_id=88"},"modified":"2024-12-30T10:47:20","modified_gmt":"2024-12-30T10:47:20","slug":"acerca-de-mi","status":"publish","type":"page","link":"https:\/\/saioamota.es\/index.php\/acerca-de-mi","title":{"rendered":"Acerca de m\u00ed"},"content":{"rendered":"\t\t<div data-elementor-type=\"wp-page\" data-elementor-id=\"88\" class=\"elementor elementor-88\">\n\t\t\t\t<div class=\"elementor-element elementor-element-3bcecd7 e-flex e-con-boxed e-con e-parent\" data-id=\"3bcecd7\" data-element_type=\"container\" data-settings=\"{&quot;background_background&quot;:&quot;classic&quot;}\">\n\t\t\t\t\t<div class=\"e-con-inner\">\n\t\t<div class=\"elementor-element elementor-element-1814694 e-con-full e-flex e-con e-child\" data-id=\"1814694\" data-element_type=\"container\">\n\t\t\t\t<div class=\"elementor-element elementor-element-16ac18a elementor-widget elementor-widget-heading\" data-id=\"16ac18a\" data-element_type=\"widget\" data-widget_type=\"heading.default\">\n\t\t\t\t<div class=\"elementor-widget-container\">\n\t\t\t<h1 class=\"elementor-heading-title elementor-size-default\">Acerca de m\u00ed<\/h1>\t\t<\/div>\n\t\t\t\t<\/div>\n\t\t\t\t<div class=\"elementor-element elementor-element-493e6d3 elementor-widget elementor-widget-heading\" data-id=\"493e6d3\" data-element_type=\"widget\" data-widget_type=\"heading.default\">\n\t\t\t\t<div class=\"elementor-widget-container\">\n\t\t\t<h2 class=\"elementor-heading-title elementor-size-default\">Mi nombre es Saioa Mota Ferri, consultora organizacional sist\u00e9mica, coach sist\u00e9mica, terapeuta counsellor y formadora. <\/h2>\t\t<\/div>\n\t\t\t\t<\/div>\n\t\t\t\t<div class=\"elementor-element elementor-element-1d6e9fc elementor-widget elementor-widget-text-editor\" data-id=\"1d6e9fc\" data-element_type=\"widget\" data-widget_type=\"text-editor.default\">\n\t\t\t\t<div class=\"elementor-widget-container\">\n\t\t\t\t\t\t\t<p>Nac\u00ed en Bilbao en el a\u00f1o 1985 y actualmente resido en Mallorca. Desde siempre, dentro de m\u00ed he sentido el deseo profundo de acompa\u00f1ar a las personas en sus procesos vitales.<\/p><p>Soy una persona apasionada y entregada en el servicio a los dem\u00e1s, empezando mi andadura profesional y vocacional en el 3\u00ba sector tras diplomarme en la Universidad de Deusto en la carrera de Educaci\u00f3n Social.<\/p>\t\t\t\t\t\t<\/div>\n\t\t\t\t<\/div>\n\t\t\t\t<\/div>\n\t\t<div class=\"elementor-element elementor-element-f0b5292 e-con-full e-flex e-con e-child\" data-id=\"f0b5292\" data-element_type=\"container\">\n\t\t\t\t<div class=\"elementor-element elementor-element-a7d575d elementor-widget elementor-widget-image\" data-id=\"a7d575d\" data-element_type=\"widget\" data-widget_type=\"image.default\">\n\t\t\t\t<div class=\"elementor-widget-container\">\n\t\t\t\t\t\t\t\t\t\t\t\t\t<img fetchpriority=\"high\" decoding=\"async\" width=\"800\" height=\"614\" src=\"https:\/\/saioamota.es\/wp-content\/uploads\/2024\/11\/saioa-mota-profile-1.jpg\" class=\"attachment-large size-large wp-image-194\" alt=\"\" srcset=\"https:\/\/saioamota.es\/wp-content\/uploads\/2024\/11\/saioa-mota-profile-1.jpg 899w, https:\/\/saioamota.es\/wp-content\/uploads\/2024\/11\/saioa-mota-profile-1-300x230.jpg 300w, https:\/\/saioamota.es\/wp-content\/uploads\/2024\/11\/saioa-mota-profile-1-768x589.jpg 768w\" sizes=\"(max-width: 800px) 100vw, 800px\" \/>\t\t\t\t\t\t\t\t\t\t\t\t\t<\/div>\n\t\t\t\t<\/div>\n\t\t\t\t<\/div>\n\t\t\t\t\t<\/div>\n\t\t\t\t<\/div>\n\t\t<div class=\"elementor-element elementor-element-f8d2b1e e-flex e-con-boxed e-con e-parent\" data-id=\"f8d2b1e\" data-element_type=\"container\">\n\t\t\t\t\t<div class=\"e-con-inner\">\n\t\t<div class=\"elementor-element elementor-element-05021f2 e-con-full e-flex e-con e-child\" data-id=\"05021f2\" data-element_type=\"container\">\n\t\t\t\t<div class=\"elementor-element elementor-element-31ce7e3 elementor-widget elementor-widget-text-editor\" data-id=\"31ce7e3\" data-element_type=\"widget\" data-widget_type=\"text-editor.default\">\n\t\t\t\t<div class=\"elementor-widget-container\">\n\t\t\t\t\t\t\t<p>En estos 20 a\u00f1os de andadura, como dec\u00eda anteriormente, profesional y vocacional, he podido nutrirme de grandes profesionales como educadora social, terapeuta counsellor, coordinadora y directora de proyectos.<\/p>\t\t\t\t\t\t<\/div>\n\t\t\t\t<\/div>\n\t\t\t\t<div class=\"elementor-element elementor-element-c6ef2ef elementor-hidden-mobile elementor-widget elementor-widget-image\" data-id=\"c6ef2ef\" data-element_type=\"widget\" data-widget_type=\"image.default\">\n\t\t\t\t<div class=\"elementor-widget-container\">\n\t\t\t\t\t\t\t\t\t\t\t\t\t<img decoding=\"async\" width=\"585\" height=\"564\" src=\"https:\/\/saioamota.es\/wp-content\/uploads\/2024\/10\/hexagon.png\" class=\"attachment-large size-large wp-image-48\" alt=\"\" srcset=\"https:\/\/saioamota.es\/wp-content\/uploads\/2024\/10\/hexagon.png 585w, https:\/\/saioamota.es\/wp-content\/uploads\/2024\/10\/hexagon-300x289.png 300w\" sizes=\"(max-width: 585px) 100vw, 585px\" \/>\t\t\t\t\t\t\t\t\t\t\t\t\t<\/div>\n\t\t\t\t<\/div>\n\t\t\t\t<\/div>\n\t\t<div class=\"elementor-element elementor-element-d73c4e2 e-con-full e-flex e-con e-child\" data-id=\"d73c4e2\" data-element_type=\"container\">\n\t\t\t\t<div class=\"elementor-element elementor-element-e4e83b5 elementor-widget elementor-widget-text-editor\" data-id=\"e4e83b5\" data-element_type=\"widget\" data-widget_type=\"text-editor.default\">\n\t\t\t\t<div class=\"elementor-widget-container\">\n\t\t\t\t\t\t\t<p>Con el tiempo, fui queriendo adentrarme m\u00e1s en las diferentes formas de acompa\u00f1ar a las personas, form\u00e1ndome en Counselling y Relaci\u00f3n de Ayuda en el Centro de Humanizaci\u00f3n de la Salud para promover y acompa\u00f1ar el bienestar emocional dentro de las entidades tanto como formadora como profesional de la intervenci\u00f3n, entendiendo en mi madurez profesional que la clave est\u00e1 en el trabajo colectivo e individual de los profesionales, equipos y entidades.<\/p><p>\u00a0<\/p>\t\t\t\t\t\t<\/div>\n\t\t\t\t<\/div>\n\t\t\t\t<\/div>\n\t\t<div class=\"elementor-element elementor-element-749668c e-con-full e-flex e-con e-child\" data-id=\"749668c\" data-element_type=\"container\">\n\t\t\t\t<div class=\"elementor-element elementor-element-d75a148 elementor-widget elementor-widget-text-editor\" data-id=\"d75a148\" data-element_type=\"widget\" data-widget_type=\"text-editor.default\">\n\t\t\t\t<div class=\"elementor-widget-container\">\n\t\t\t\t\t\t\t<p>Todo este camino me llev\u00f3 a querer desarrollarme a trav\u00e9s de la Consultor\u00eda Organizacional sist\u00e9mica, el coaching sist\u00e9mico, las constelaciones organizacionales, y actualmente continuando este recorrido con las constelaciones familiares, en Impuls Talent Institut@, dirigido por Joan Corbal\u00e1n, con la misi\u00f3n de adquirir la visi\u00f3n y herramientas necesarias de las que dispongo hoy en d\u00eda, para acompa\u00f1ar a las Organizaciones desde una mirada sist\u00e9mica que potencie su crecimiento, desarrollo y gesti\u00f3n, con la intenci\u00f3n de maximizar su impacto en las comunidades, empoderando l\u00edderes y equipos y facilitar la transformaci\u00f3n que genere cambios duraderos y enriquecedores dentro y fuera de las Organizaciones.<\/p>\t\t\t\t\t\t<\/div>\n\t\t\t\t<\/div>\n\t\t\t\t<\/div>\n\t\t\t\t\t<\/div>\n\t\t\t\t<\/div>\n\t\t\t\t<\/div>\n\t\t","protected":false},"excerpt":{"rendered":"<p>Acerca de m\u00ed Mi nombre es Saioa Mota Ferri, consultora organizacional sist\u00e9mica, coach sist\u00e9mica, terapeuta counsellor y formadora. Nac\u00ed en Bilbao en el a\u00f1o 1985 y actualmente resido en Mallorca. Desde siempre, dentro de m\u00ed he sentido el deseo profundo de acompa\u00f1ar a las personas en sus procesos vitales. Soy una persona apasionada y entregada [&hellip;]<\/p>\n","protected":false},"author":1,"featured_media":0,"parent":0,"menu_order":0,"comment_status":"closed","ping_status":"closed","template":"","meta":{"footnotes":""},"class_list":["post-88","page","type-page","status-publish","hentry"],"_links":{"self":[{"href":"https:\/\/saioamota.es\/index.php\/wp-json\/wp\/v2\/pages\/88"}],"collection":[{"href":"https:\/\/saioamota.es\/index.php\/wp-json\/wp\/v2\/pages"}],"about":[{"href":"https:\/\/saioamota.es\/index.php\/wp-json\/wp\/v2\/types\/page"}],"author":[{"embeddable":true,"href":"https:\/\/saioamota.es\/index.php\/wp-json\/wp\/v2\/users\/1"}],"replies":[{"embeddable":true,"href":"https:\/\/saioamota.es\/index.php\/wp-json\/wp\/v2\/comments?post=88"}],"version-history":[{"count":22,"href":"https:\/\/saioamota.es\/index.php\/wp-json\/wp\/v2\/pages\/88\/revisions"}],"predecessor-version":[{"id":261,"href":"https:\/\/saioamota.es\/index.php\/wp-json\/wp\/v2\/pages\/88\/revisions\/261"}],"wp:attachment":[{"href":"https:\/\/saioamota.es\/index.php\/wp-json\/wp\/v2\/media?parent=88"}],"curies":[{"name":"wp","href":"https:\/\/api.w.org\/{rel}","templated":true}]}}

Acerca de mí

<div data-elementor-type="wp-page" data-elementor-id="88" class="elementor elementor-88">
				<div class="elementor-element elementor-element-3bcecd7 e-flex e-con-boxed e-con e-parent" data-id="3bcecd7" data-element_type="container" data-settings="{&quot;background_background&quot;:&quot;classic&quot;}">
					<div class="e-con-inner">
		<div class="elementor-element elementor-element-1814694 e-con-full e-flex e-con e-child" data-id="1814694" data-element_type="container">
				<div class="elementor-element elementor-element-16ac18a elementor-widget elementor-widget-heading" data-id="16ac18a" data-element_type="widget" data-widget_type="heading.default">
				<div class="elementor-widget-container">
			<h1 class="elementor-heading-title elementor-size-default">Acerca de mí</h1>		</div>
				</div>
				<div class="elementor-element elementor-element-493e6d3 elementor-widget elementor-widget-heading" data-id="493e6d3" data-element_type="widget" data-widget_type="heading.default">
				<div class="elementor-widget-container">
			<h2 class="elementor-heading-title elementor-size-default">Mi nombre es Saioa Mota Ferri, consultora organizacional sistémica, coach sistémica, terapeuta counsellor y formadora. </h2>		</div>
				</div>
				<div class="elementor-element elementor-element-1d6e9fc elementor-widget elementor-widget-text-editor" data-id="1d6e9fc" data-element_type="widget" data-widget_type="text-editor.default">
				<div class="elementor-widget-container">
							<p>Nací en Bilbao en el año 1985 y actualmente resido en Mallorca. Desde siempre, dentro de mí he sentido el deseo profundo de acompañar a las personas en sus procesos vitales.</p><p>Soy una persona apasionada y entregada en el servicio a los demás, empezando mi andadura profesional y vocacional en el 3º sector tras diplomarme en la Universidad de Deusto en la carrera de Educación Social.</p>						</div>
				</div>
				</div>
		<div class="elementor-element elementor-element-f0b5292 e-con-full e-flex e-con e-child" data-id="f0b5292" data-element_type="container">
				<div class="elementor-element elementor-element-a7d575d elementor-widget elementor-widget-image" data-id="a7d575d" data-element_type="widget" data-widget_type="image.default">
				<div class="elementor-widget-container">
													<img fetchpriority="high" decoding="async" width="800" height="614" src="https://saioamota.es/wp-content/uploads/2024/11/saioa-mota-profile-1.jpg" class="attachment-large size-large wp-image-194" alt="" srcset="https://saioamota.es/wp-content/uploads/2024/11/saioa-mota-profile-1.jpg 899w, https://saioamota.es/wp-content/uploads/2024/11/saioa-mota-profile-1-300x230.jpg 300w, https://saioamota.es/wp-content/uploads/2024/11/saioa-mota-profile-1-768x589.jpg 768w" sizes="(max-width: 800px) 100vw, 800px" />													</div>
				</div>
				</div>
					</div>
				</div>
		<div class="elementor-element elementor-element-f8d2b1e e-flex e-con-boxed e-con e-parent" data-id="f8d2b1e" data-element_type="container">
					<div class="e-con-inner">
		<div class="elementor-element elementor-element-05021f2 e-con-full e-flex e-con e-child" data-id="05021f2" data-element_type="container">
				<div class="elementor-element elementor-element-31ce7e3 elementor-widget elementor-widget-text-editor" data-id="31ce7e3" data-element_type="widget" data-widget_type="text-editor.default">
				<div class="elementor-widget-container">
							<p>En estos 20 años de andadura, como decía anteriormente, profesional y vocacional, he podido nutrirme de grandes profesionales como educadora social, terapeuta counsellor, coordinadora y directora de proyectos.</p>						</div>
				</div>
				<div class="elementor-element elementor-element-c6ef2ef elementor-hidden-mobile elementor-widget elementor-widget-image" data-id="c6ef2ef" data-element_type="widget" data-widget_type="image.default">
				<div class="elementor-widget-container">
													<img decoding="async" width="585" height="564" src="https://saioamota.es/wp-content/uploads/2024/10/hexagon.png" class="attachment-large size-large wp-image-48" alt="" srcset="https://saioamota.es/wp-content/uploads/2024/10/hexagon.png 585w, https://saioamota.es/wp-content/uploads/2024/10/hexagon-300x289.png 300w" sizes="(max-width: 585px) 100vw, 585px" />													</div>
				</div>
				</div>
		<div class="elementor-element elementor-element-d73c4e2 e-con-full e-flex e-con e-child" data-id="d73c4e2" data-element_type="container">
				<div class="elementor-element elementor-element-e4e83b5 elementor-widget elementor-widget-text-editor" data-id="e4e83b5" data-element_type="widget" data-widget_type="text-editor.default">
				<div class="elementor-widget-container">
							<p>Con el tiempo, fui queriendo adentrarme más en las diferentes formas de acompañar a las personas, formándome en Counselling y Relación de Ayuda en el Centro de Humanización de la Salud para promover y acompañar el bienestar emocional dentro de las entidades tanto como formadora como profesional de la intervención, entendiendo en mi madurez profesional que la clave está en el trabajo colectivo e individual de los profesionales, equipos y entidades.</p><p> </p>						</div>
				</div>
				</div>
		<div class="elementor-element elementor-element-749668c e-con-full e-flex e-con e-child" data-id="749668c" data-element_type="container">
				<div class="elementor-element elementor-element-d75a148 elementor-widget elementor-widget-text-editor" data-id="d75a148" data-element_type="widget" data-widget_type="text-editor.default">
				<div class="elementor-widget-container">
							<p>Todo este camino me llevó a querer desarrollarme a través de la Consultoría Organizacional sistémica, el coaching sistémico, las constelaciones organizacionales, y actualmente continuando este recorrido con las constelaciones familiares, en Impuls Talent Institut@, dirigido por Joan Corbalán, con la misión de adquirir la visión y herramientas necesarias de las que dispongo hoy en día, para acompañar a las Organizaciones desde una mirada sistémica que potencie su crecimiento, desarrollo y gestión, con la intención de maximizar su impacto en las comunidades, empoderando líderes y equipos y facilitar la transformación que genere cambios duraderos y enriquecedores dentro y fuera de las Organizaciones.</p>						</div>
				</div>
				</div>
					</div>
				</div>
				</div>

<p>Acerca de mí Mi nombre es Saioa Mota Ferri, consultora organizacional sistémica, coach sistémica, terapeuta counsellor y formadora. Nací en Bilbao en el año 1985 y actualmente resido en Mallorca. Desde siempre, dentro de mí he sentido el deseo profundo de acompañar a las personas en sus procesos vitales. Soy una persona apasionada y entregada [&hellip;]</p>
